emainder when 24085 is divided by 68.
13
What is the remainder when 494684978 is divided by 620?
618
What is the remainder when 12473266 is divided by 4157747?
25
What is the remainder when 2185822 is divided by 34?
30
Calculate the remainder when 134816 is divided by 1174.
980
What is the remainder when 33713409 is divided by 802700?
9
Calculate the remainder when 8873836 is divided by 81.
43
What is the remainder when 4421397 is divided by 30?
27
Calculate the remainder when 125262405 is divided by 895.
890
What is the remainder when 79562 is divided by 19885?
22
What is the remainder when 12954514 is divided by 169?
157
Calculate the remainder when 773316 is divided by 1100.
16
Calculate the remainder when 4880081 is divided by 162669.
11
Calculate the remainder when 629071 is divided by 559.
196
What is the remainder when 1886935 is divided by 4378?
17
Calculate the remainder when 46940 is divided by 1733.
149
Calculate the remainder when 1353203 is divided by 33824.
243
Calculate the remainder when 383888 is divided by 899.
15
What is the remainder when 69430 is divided by 5853?
5047
Calculate the remainder when 21340 is divided by 1090.
630
What is the remainder when 10908820 is divided by 779201?
6
What is the remainder when 361350 is divided by 1754?
26
Calculate the remainder when 108925278 is divided by 13393.
9
Calculate the remainder when 87932 is divided by 5804.
872
Calculate the remainder when 3671997 is divided by 524519.
364
Calculate the remainder when 19560 is divided by 22.
2
What is the remainder when 26884357 is divided by 894?
883
What is the remainder when 1573578 is divided by 411?
270
Calculate the remainder when 1617319 is divided by 25270.
39
Calculate the remainder when 282590 is divided by 1121.
98
What is the remainder when 9617221 is divided by 869?
867
What is the remainder when 98730 is divided by 49031?
668
Calculate the remainder when 12380 is divided by 95.
30
Calculate the remainder when 39150 is divided by 3447.
1233
Calculate the remainder when 101377 is divided by 3173.
3014
What is the remainder when 1843135 is divided by 199?
196
Calculate the remainder when 342305 is divided by 22767.
800
What is the remainder when 33321 is divided by 16092?
1137
Calculate the remainder when 515206753 is divided by 85.
78
Calculate the remainder when 105152198 is divided by 809.
805
Calculate the remainder when 2554526 is divided by 663.
650
Calculate the remainder when 15225154 is divided by 904.
890
What is the remainder when 13496 is divided by 4449?
149
What is the remainder when 110340801 is divided by 12?
9
What is the remainder when 14615188 is divided by 608966?
4
What is the remainder when 25379 is divided by 3122?
403
What is the remainder when 706851 is divided by 343?
271
What is the remainder when 4547942 is divided by 1136982?
14
Calculate the remainder when 92955 is divided by 1663.
1490
What is the remainder when 224053 is divided by 4073?
38
What is the remainder when 142162 is divided by 2255?
97
What is the remainder when 1884662 is divided by 942295?
72
Calculate the remainder when 2914 is divided by 444.
250
Calculate the remainder when 6704040 is divided by 1427.
1421
Calculate the remainder when 285139 is divided by 3564.
19
What is the remainder when 64150 is divided by 15281?
3026
What is the remainder when 106495 is divided by 34885?
1840
Calculate the remainder when 38413 is divided by 12521.
850
Calculate the remainder when 717663 is divided by 102451.
506
Calculate the remainder when 4956744 is divided by 394.
224
Calculate the remainder when 6455070 is divided by 6867.
90
What is the remainder when 251879 is divided by 52?
43
Calculate the remainder when 14486 is divided by 4694.
404
Calculate the remainder when 763152 is divided by 4125.
27
Calculate the remainder when 96653 is divided by 1757.
18
Calculate the remainder when 1762575 is divided by 89.
19
What is the remainder when 795165 is divided by 8369?
110
Calculate the remainder when 3060383 is divided by 453.
368
Calculate the remainder when 403012 is divided by 2728.
1996
What is the remainder when 42617 is divided by 13891?
944
What is the remainder when 108352 is divided by 26950?
552
Calculate the remainder when 701506 is divided by 1580.
1566
Calculate the remainder when 7842277 is divided by 42.
37
Calculate the remainder when 192862 is divided by 154.
54
Calculate the remainder when 164754 is divided by 235.
19
Calculate the remainder when 7539458 is divided by 2226.
2222
Calculate the remainder when 86107 is divided by 40.
27
Calculate the remainder when 39494 is divided by 2938.
1300
Calculate the remainder when 26002747 is divided by 2213.
2210
What is the remainder when 318769 is divided by 95?
44
Calculate the remainder when 58390701 is divided by 2904.
2877
Calculate the remainder when 60365 is divided by 12035.
190
Calculate the remainder when 129768538 is divided by 10.
8
What is the remainder when 5519501 is divided by 1443?
26
Calculate the remainder when 218264 is divided by 43628.
124
Calculate the remainder when 2637400 is divided by 549.
4
What is the remainder when 239140 is divided by 239104?
36
Calculate the remainder when 10064319 is divided by 20837.
48
Calculate the remainder when 314816 is divided by 1394.
1166
What is the remainder when 61613407 is divided by 88398?
1
Calculate the remainder when 15492362 is divided by 16.
10
Calculate the remainder when 104352 is divided by 8693.
36
Calculate the remainder when 2893066 is divided by 11526.
40
Calculate the remainder when 336332 is divided by 83921.
648
What is the remainder when 17150488 is divided by 490?
488
What is the remainder when 212469 is divided by 2311?
2168
Calculate the remainder when 6790788 is divided by 71.
64
What is the remainder when 906759 is divided by 325?
9
What is the remainder when 4794706 is divided by 399558?
10
Calculate the remainder when 18772 is divided by 4402.
1164
Calculate the remainder when 186726976 is divided by 1284.
1276
What is the remainder when 1773161 is divided by 65656?
449
Calculate the remainder when 1257024 is divided by 7266.
6
What is the remainder when 41548 is divided by 196?
192
What is the remainder when 123465263 is divided by 208?
207
What is the remainder when 428284 is divided by 776?
708
Calculate the remainder when 471438 is divided by 117844.
62
What is the remainder when 55346342 is divided by 15?
2
What is the remainder when 17726873 is divided by 239?
4
What is the remainder when 509802 is divided by 469?
468
Calculate the remainder when 1123366557 is divided by 120.
117
Calculate the remainder when 133394328 is divided by 162676.
8
What is the remainder when 96515 is divided by 5078?
33
What is the remainder when 817297 is divided by 88?
41
Calculate the remainder when 157507 is divided by 4890.
1027
Calculate the remainder when 42779 is divided by 388.
99
Calculate the remainder when 444253 is divided by 1250.
503
Calculate the remainder when 1539225 is divided by 14.
9
What is the remainder when 35197 is divided by 2512?
29
What is the remainder when 107931 is divided by 5049?
1902
Calculate the remainder when 106305 is divided by 35.
10
What is the remainder when 3135212 is divided by 784?
780
What is the remainder when 557191 is divided by 92863?
13
Calculate the remainder when 54455 is divided by 3178.
429
What is the remainder when 22128 is divided by 2654?
896
Calculate the remainder when 131511 is divided by 131385.
126
What is the remainder when 612661 is divided by 23?
10
Calculate the remainder when 118344122 is divided by 56.
50
Calculate the remainder when 2119622 is divided by 87.
41
Calculate the remainder when 3159311 is divided by 2158.
2157
What is the remainder when 92755 is divided by 92130?
625
Calculate the remainder when 86160 is divided by 2209.
9
Calculate the remainder when 42840 is divided by 7829.
3695
Calculate the remainder when 174394361 is divided by 18991.
8
Calculate the remainder when 58339 is divided by 11610.
289
Calculate the remainder when 1034789 is divided by 142.
35
What is the remainder when 43880 is divided by 121?
78
Calculate the remainder when 156372 is divided by 41.
39
What is the remainder when 67058687 is divided by 186793?
0
What 